{"id":162,"date":"2007-07-21T14:59:45","date_gmt":"2007-07-21T19:59:45","guid":{"rendered":"http:\/\/www.wurb.com\/stack\/pokedex\/"},"modified":"2013-09-05T20:24:40","modified_gmt":"2013-09-06T03:24:40","slug":"pokedex","status":"publish","type":"page","link":"https:\/\/www.wurb.com\/stack\/pokedex","title":{"rendered":"Pok\u00e9dex"},"content":{"rendered":"<p>As you know if you&#8217;ve been following the <a href=\"..\">blog<\/a>, I&#8217;ve been playing <em>Pok\u00e9mon (Blue Version)<\/em> for the original Gameboy lately, and am trying to complete my pok\u00e9dex.  I am interested in trading pok\u00e9mon.  Since I&#8217;m playing the original version, rather than the DS release, trades will have to be done in person.<\/p>\n<p>I haven&#8217;t made a complete list of the pok\u00e9mon I&#8217;m missing yet, because that set is still shrinking fairly rapidly as I play through the game, but I will refuse no reasonable trade.  I am especially interested in obtaining the following pok\u00e9mon, which I will not be able to get except by trading:<br \/>\nBulbasaur, Hitmonlee, Scyther, Electrabuzz, any one of the three Evee derivatives (Vaporeon, Jolteon, Flareon).<\/p>\n<p>Here are the Pokemon I currently possess:<\/p>\n<table>\n<tr>\n<th>#<\/th>\n<th>Species<\/th>\n<th>Name<\/th>\n<th>Level<\/th>\n<th>Notes<\/th>\n<\/tr>\n<tr>\n<td>3<\/td>\n<td>Venusaur<\/td>\n<td>TSUBAKI<\/td>\n<td>59<\/td>\n<td>Original trainer: SANJURO. Knows Cut.<\/td>\n<\/tr>\n<tr>\n<td>4<\/td>\n<td>Charmander<\/td>\n<td><\/td>\n<td>8<\/td>\n<td>Original trainer: Red<\/td>\n<\/tr>\n<tr>\n<td>9<\/td>\n<td>Blastoise<\/td>\n<td>Godwin<\/td>\n<td>45<\/td>\n<\/tr>\n<tr>\n<td>12<\/td>\n<td>Butterfree<\/td>\n<td>Sheridan<\/td>\n<td>31<\/td>\n<\/tr>\n<tr>\n<td>15<\/td>\n<td>Beedrill<\/td>\n<td>Cranleigh<\/td>\n<td>20<\/td>\n<\/tr>\n<tr>\n<td>18<\/td>\n<td>Pidgeot<\/td>\n<td>McNaughton<\/td>\n<td>38<\/td>\n<td>Knows Fly.<\/td>\n<\/tr>\n<tr>\n<td>20<\/td>\n<td>Raticate<\/td>\n<td>Salome<\/td>\n<td>22<\/td>\n<\/tr>\n<tr>\n<td>22<\/td>\n<td>Fearow<\/td>\n<td>Durham<\/td>\n<td>20<\/td>\n<\/tr>\n<tr>\n<td>24<\/td>\n<td>Arbok<\/td>\n<td><\/td>\n<td>22<\/td>\n<td>Original trainer: Shakey<\/td>\n<\/tr>\n<tr>\n<td>25<\/td>\n<td>Pikachu<\/td>\n<td>Morgoth<\/td>\n<td>32<\/td>\n<\/tr>\n<tr>\n<td>26<\/td>\n<td>Raichu<\/td>\n<td>DR.TEETH<\/td>\n<td>61<\/td>\n<td>Original trainer: SANJURO. Not for trade.<\/td>\n<\/tr>\n<tr>\n<td>28<\/td>\n<td>Sandslash<\/td>\n<td>Georgeson<\/td>\n<td>23<\/td>\n<\/tr>\n<tr>\n<td>30<\/td>\n<td>Nidorina<\/td>\n<td>Rhoda<\/td>\n<td>17<\/td>\n<\/tr>\n<tr>\n<td>33<\/td>\n<td>Nidorino<\/td>\n<td>Seth<\/td>\n<td>20<\/td>\n<\/tr>\n<tr>\n<td>35<\/td>\n<td>Clefairy<\/td>\n<td>Burton<\/td>\n<td>20<\/td>\n<\/tr>\n<tr>\n<td>37<\/td>\n<td>Vulpix<\/td>\n<td>Sluggo<\/td>\n<td>17<\/td>\n<\/tr>\n<tr>\n<td>39<\/td>\n<td>Jigglypuff<\/td>\n<td>Carrefours<\/td>\n<td>21<\/td>\n<\/tr>\n<tr>\n<td>40<\/td>\n<td>Wigglytuff<\/td>\n<td>MR SANDMAN<\/td>\n<td>59<\/td>\n<td>Original trainer: SANJURO.  Knows Strength.<\/td>\n<\/tr>\n<tr>\n<td>42<\/td>\n<td>Golbat<\/td>\n<td>Pickford<\/td>\n<td>25<\/td>\n<\/tr>\n<tr>\n<td>44<\/td>\n<td>Gloom<\/td>\n<td><\/td>\n<td>40<\/td>\n<td>Original trainer: Shakey. Knows Cut.<\/td>\n<\/tr>\n<tr>\n<td>49<\/td>\n<td>Venomoth<\/td>\n<td>Lightfoot<\/td>\n<td>49<\/td>\n<td>Caught in evolved form<\/td>\n<\/tr>\n<tr>\n<td>47<\/td>\n<td>Parasect<\/td>\n<td>Fanshaw<\/td>\n<td>27<\/td>\n<\/tr>\n<tr>\n<td>51<\/td>\n<td>Dugtrio<\/td>\n<td>Gwenhwyfar<\/td>\n<td>26<\/td>\n<\/tr>\n<tr>\n<td>53<\/td>\n<td>Persian<\/td>\n<td>Jurgens<\/td>\n<td>28<\/td>\n<td><\/td>\n<\/tr>\n<tr>\n<td>54<\/td>\n<td>Psyduck<\/td>\n<td>Palomides<\/td>\n<td>31<\/td>\n<\/tr>\n<tr>\n<td>56<\/td>\n<td>Primeape<\/td>\n<td><\/td>\n<td>34<\/td>\n<td>Original trainer: Shakey. Knows Strength.<\/td>\n<\/tr>\n<tr>\n<td>58<\/td>\n<td>Growlithe<\/td>\n<td><\/td>\n<td>17<\/td>\n<td>Original trainer: SANJURO<\/td>\n<\/tr>\n<tr>\n<td>61<\/td>\n<td>Poliwhirl<\/td>\n<td>Montague<\/td>\n<td>27<\/td>\n<\/tr>\n<tr>\n<td>65<\/td>\n<td>Alakazam<\/td>\n<td>Blenkinsop<\/td>\n<td>59<\/td>\n<td>Knows Flash.<\/td>\n<\/tr>\n<tr>\n<td>68<\/td>\n<td>Machamp<\/td>\n<td>Vincent<\/td>\n<td>28<\/td>\n<\/tr>\n<tr>\n<td>70<\/td>\n<td>Weepinbell<\/td>\n<td>Bettelheim<\/td>\n<td>32<\/td>\n<td>Knows Cut<\/td>\n<\/tr>\n<tr>\n<td>73<\/td>\n<td>Tentacruel<\/td>\n<td>Moscovich<\/td>\n<td>30<\/td>\n<\/tr>\n<tr>\n<td>76<\/td>\n<td>Golem<\/td>\n<td><\/td>\n<td>48<\/td>\n<td>Original trainer: Shakey.<\/td>\n<\/tr>\n<tr>\n<td>77<\/td>\n<td>Ponyta<\/d><\/p>\n<td>Lurch<\/td>\n<td>35<\/td>\n<\/tr>\n<tr>\n<td>79<\/td>\n<td>Slowpoke<\/td>\n<td>Pip<\/td>\n<td>33<\/td>\n<\/tr>\n<tr>\n<td>82<\/td>\n<td>Magneton<\/td>\n<td>Eleanor<\/td>\n<td>30<\/td>\n<\/tr>\n<tr>\n<td>83<\/td>\n<td>Dux<\/td>\n<td><\/td>\n<td>17<\/td>\n<td>Original trainer: NPC in game<\/td>\n<\/tr>\n<tr>\n<td>84<\/td>\n<td>Doduo<\/td>\n<td>Leander<\/td>\n<td>27<\/td>\n<\/tr>\n<tr>\n<td>85<\/td>\n<td>Dodrio<\/td>\n<td>Weishaupt<\/td>\n<td>51<\/td>\n<td>Caught in evolved form<\/td>\n<\/tr>\n<tr>\n<td>86<\/td>\n<td>Seel<\/td>\n<td>Maughm<\/td>\n<td>31<\/td>\n<\/tr>\n<tr>\n<td>88<\/td>\n<td>Grimer<\/td>\n<td>Walsingham<\/td>\n<td>30<\/td>\n<\/tr>\n<tr>\n<td>90<\/td>\n<td>Shellder<\/td>\n<td>Harrington<\/td>\n<td>15<\/td>\n<\/tr>\n<tr>\n<td>93<\/td>\n<td>Haunter<\/td>\n<td>Nikolai<\/td>\n<td>26<\/td>\n<\/tr>\n<tr>\n<td>95<\/td>\n<td>Onix<\/td>\n<td>Manuel<\/td>\n<td>21<\/td>\n<\/tr>\n<tr>\n<td>97<\/td>\n<td>Hypno<\/td>\n<td>Pratchett<\/td>\n<td>45<\/td>\n<\/tr>\n<tr>\n<td>98<\/td>\n<td>Krabby<\/td>\n<td>Alvarez<\/td>\n<td>17<\/td>\n<\/tr>\n<tr>\n<td>99<\/td>\n<td>Kingler<\/td>\n<td>Rutherford<\/td>\n<td>23<\/td>\n<td>Caught in evolved form<\/td>\n<\/tr>\n<tr>\n<td>100<\/td>\n<td>Voltorb<\/td>\n<td>Marigold<\/td>\n<td>23<\/td>\n<\/tr>\n<tr>\n<td>101<\/td>\n<td>Electrode<\/td>\n<td>DORIS<\/td>\n<td>53<\/td>\n<td>Original trainer: NPC in game<\/td>\n<\/tr>\n<tr>\n<td>102<\/td>\n<td>Exeggcute<\/td>\n<td>Leland<\/td>\n<td>27<\/td>\n<\/tr>\n<tr>\n<td>105<\/td>\n<td>Marowak<\/td>\n<td>Bentley<\/td>\n<td>28<\/td>\n<\/tr>\n<tr>\n<td>107<\/td>\n<td>Hitmonchan<\/td>\n<td>Basquat<\/td>\n<td>30<\/td>\n<\/tr>\n<tr>\n<td>107<\/td>\n<td>Hitmonchan<\/td>\n<td><\/td>\n<td>30<\/td>\n<td>Original trainer: SANJURO<\/td>\n<\/tr>\n<tr>\n<td>108<\/td>\n<td>Lickitung<\/td>\n<td>MARC<\/td>\n<td>23<\/td>\n<td>Original trainer: NPC in game<\/td>\n<\/tr>\n<tr>\n<td>109<\/td>\n<td>Koffing<\/td>\n<td>Meriwether<\/td>\n<td>30<\/td>\n<\/tr>\n<tr>\n<td>111<\/td>\n<td>Rhyhorn<\/td>\n<td>Eloise<\/td>\n<td>41<\/td>\n<\/tr>\n<tr>\n<td>112<\/td>\n<td>Rhydon<\/td>\n<td>Napoleon<\/td>\n<td>52<\/td>\n<td>Caught in evolved form<\/td>\n<\/tr>\n<tr>\n<td>113<\/td>\n<td>Chansey<\/td>\n<td>Kavanaugh<\/td>\n<td>56<\/td>\n<\/tr>\n<tr>\n<td>114<\/td>\n<td>Tangela<\/td>\n<td>CRINKLES<\/td>\n<td>24<\/td>\n<td>Original trainer: NPC in game<\/td>\n<\/tr>\n<tr>\n<td>116<\/td>\n<td>Horsea<\/td>\n<td>Stanwick<\/td>\n<td>15<\/td>\n<\/tr>\n<tr>\n<td>117<\/td>\n<td>Seadra<\/td>\n<td>Galbraith<\/td>\n<td>23<\/td>\n<td>Caught in evolved form<\/td>\n<\/tr>\n<tr>\n<td>118<\/td>\n<td>Goldeen<\/td>\n<td>Donovan<\/td>\n<td>26<\/td>\n<\/tr>\n<tr>\n<td>119<\/td>\n<td>Seaking<\/td>\n<td>Tex<\/td>\n<td>23<\/td>\n<td>Caught in evolved form<\/td>\n<\/tr>\n<tr>\n<td>120<\/td>\n<td>Staryu<\/td>\n<td>Leibniz<\/td>\n<td>15<\/td>\n<\/tr>\n<tr>\n<td>122<\/td>\n<td>Mr. Mime<\/td>\n<td>MARCEL<\/td>\n<td>33<\/td>\n<td>Original trainer: NPC in game<\/td>\n<\/tr>\n<tr>\n<td>124<\/td>\n<td>Jynx<\/td>\n<td>LOLA<\/td>\n<td>25<\/td>\n<td>Original trainer: NPC in game<\/td>\n<\/tr>\n<tr>\n<td>126<\/td>\n<td>Magmar<\/td>\n<td>Mayhew<\/td>\n<td>34<\/td>\n<\/tr>\n<tr>\n<td>127<\/td>\n<td>Pinsir<\/td>\n<td>Kepler<\/td>\n<td>28<\/td>\n<\/tr>\n<tr>\n<td>129<\/td>\n<td>Magikarp<\/td>\n<td>Cavendish<\/td>\n<td>31<\/td>\n<td>Left this guy in the Day Care Center a little too long.<\/td>\n<\/tr>\n<tr>\n<td>130<\/td>\n<td>Gyarados<\/td>\n<td>Stirbridge<\/td>\n<td>42<\/td>\n<\/tr>\n<tr>\n<td>131<\/td>\n<td>Lapras<\/td>\n<td>Dashiell<\/td>\n<td>15<\/td>\n<\/tr>\n<tr>\n<td>132<\/td>\n<td>Ditto<\/td>\n<td>Wainwright<\/td>\n<td>25<\/td>\n<\/tr>\n<tr>\n<td>133<\/td>\n<td>Eevee<\/td>\n<td>Ferdinand<\/td>\n<td>25<\/td>\n<td>Would like to evolve this before trading. Tell me which form you&#8217;d like.<\/td>\n<\/tr>\n<tr>\n<td>133<\/td>\n<td>Eevee<\/td>\n<td><\/td>\n<td>25<\/td>\n<td>Original trainer: SANJURO<\/td>\n<\/tr>\n<tr>\n<td>137<\/td>\n<td>Porygon<\/td>\n<td>Prescott<\/td>\n<td>18<\/td>\n<\/tr>\n<tr>\n<td>138<\/td>\n<td>Omanyte<\/td>\n<td><\/td>\n<td>30<\/td>\n<td>Original trainer: SANJURO<\/td>\n<\/tr>\n<tr>\n<td>140<\/td>\n<td>Kabuto<\/td>\n<td>Margrave<\/td>\n<td>31<\/td>\n<\/tr>\n<tr>\n<td>142<\/td>\n<td>Aerodactyl<\/td>\n<td>Danforth<\/td>\n<td>30<\/td>\n<\/tr>\n<tr>\n<td>143<\/td>\n<td>Snorlax<\/td>\n<td>Vivien<\/td>\n<td>30<\/td>\n<\/tr>\n<tr>\n<td>144<\/td>\n<td>Articuno<\/td>\n<td>Loolah<\/td>\n<td>51<\/td>\n<\/tr>\n<tr>\n<td>144<\/td>\n<td>Articuno<\/td>\n<td><\/td>\n<td>50<\/td>\n<td>Original trainer: SANJURO<\/td>\n<\/tr>\n<tr>\n<td>145<\/td>\n<td>Zapdos<\/td>\n<td>Hoagie<\/td>\n<td>52<\/td>\n<\/tr>\n<tr>\n<td>145<\/td>\n<td>Zapdos<\/td>\n<td><\/td>\n<td>50<\/td>\n<td>Original trainer: SANJURO<\/td>\n<\/tr>\n<tr>\n<td>146<\/td>\n<td>Moltres<\/td>\n<td>Brenda<\/td>\n<td>50<\/td>\n<\/tr>\n<tr>\n<td>146<\/td>\n<td>Moltres<\/td>\n<td><\/td>\n<td>50<\/td>\n<td>Original trainer: SANJURO<\/td>\n<\/tr>\n<tr>\n<td>148<\/td>\n<td>Dragonair<\/td>\n<td>Ellington<\/td>\n<td>51<\/td>\n<td>Knows Surf<\/td>\n<\/tr>\n<tr>\n<td>150<\/td>\n<td>Mewtwo<\/td>\n<td>Adrian<\/td>\n<td>75<\/td>\n<\/tr>\n<\/table>\n","protected":false},"excerpt":{"rendered":"<p>As you know if you&#8217;ve been following the blog, I&#8217;ve been playing Pok\u00e9mon (Blue Version) for the original Gameboy lately, and am trying to complete my pok\u00e9dex. I am interested in trading pok\u00e9mon. Since I&#8217;m playing the original version, rather than the DS release, trades will have to be done in person. I haven&#8217;t made [&hellip;]<\/p>\n","protected":false},"author":2,"featured_media":0,"parent":0,"menu_order":0,"comment_status":"open","ping_status":"open","template":"","meta":{"footnotes":""},"class_list":["post-162","page","type-page","status-publish","hentry"],"_links":{"self":[{"href":"https:\/\/www.wurb.com\/stack\/wp-json\/wp\/v2\/pages\/162","targetHints":{"allow":["GET"]}}],"collection":[{"href":"https:\/\/www.wurb.com\/stack\/wp-json\/wp\/v2\/pages"}],"about":[{"href":"https:\/\/www.wurb.com\/stack\/wp-json\/wp\/v2\/types\/page"}],"author":[{"embeddable":true,"href":"https:\/\/www.wurb.com\/stack\/wp-json\/wp\/v2\/users\/2"}],"replies":[{"embeddable":true,"href":"https:\/\/www.wurb.com\/stack\/wp-json\/wp\/v2\/comments?post=162"}],"version-history":[{"count":2,"href":"https:\/\/www.wurb.com\/stack\/wp-json\/wp\/v2\/pages\/162\/revisions"}],"predecessor-version":[{"id":2627,"href":"https:\/\/www.wurb.com\/stack\/wp-json\/wp\/v2\/pages\/162\/revisions\/2627"}],"wp:attachment":[{"href":"https:\/\/www.wurb.com\/stack\/wp-json\/wp\/v2\/media?parent=162"}],"curies":[{"name":"wp","href":"https:\/\/api.w.org\/{rel}","templated":true}]}}